is the units digit of f?
3
Let x(s) = -38*s**2 - 364 + 377 + 123*s**2 + s + s + 23*s**2. What is the tens digit of x(3)?
9
Let l(y) = -y**2 - 6*y + 12. Let v be l(-7). Suppose -5*i - 3*r - 2*r = -2320, -v*r = -5*i + 2300. Suppose 5*t + t - i = 0. What is the tens digit of t?
7
Let i(o) = -o**3 + 5*o**2 - 4*o + 4. Let r be i(4). Suppose k - 7*k = -1734. Suppose -3*l + 264 = 2*p, 0 = -r*l + p + k + 52. What is the units digit of l?
6
Let q = -23 - -27. Let b be 1 - -3 - (-8)/q. Suppose -b*c + c = -225. What is the units digit of c?
5
Let g(r) = 2*r**3 + 4*r**2 + 2*r - 3. Let o be g(8). Suppose -17*t + 14*t + o = 0. What is the tens digit of t?
3
Let j(n) = -36*n**3 - 5*n**2 - 15*n - 6. Let h be j(-5). Suppose -22*l = -h + 902. What is the hundreds digit of l?
1
Let g be (-4 - (2 + -5)) + 1. Suppose -2*j - j + 312 = g. Let h = -13 + j. What is the tens digit of h?
9
Suppose -85997 = -29*x + 7064. What is the thousands digit of x?
3
Let q(n) = -n**3 - 13*n**2 + 117*n + 1. Let x be q(6). Let l be 33 - 0 - (2 + -2). Let z = l - x. What is the units digit of z?
4
Let y be (-2)/(-7) + (-1)/((-42)/(-2826)). Let f = -65 - y. Suppose 0 = f*a - 2, 0*w + w + 4*a - 51 = 0. What is the units digit of w?
7
Suppose -2*x = -4*f + 32870, 0 = 133*f - 134*f + 2*x + 8225. What is the tens digit of f?
1
Suppose -182*q + 5*s - 15017 = -183*q, 4*s = -q + 15014. What is the units digit of q?
2
Let i = 118 - 114. What is the tens digit of (i + -8)*1 + (199 - -1)?
9
Suppose -2*i = 5*n - 4889 - 8970, -5*i - 2*n = -34658. What is the thousands digit of i?
6
Let a(l) = -3 - 7432*l - 1 - 7*l**2 + 7420*l - 2*l**3. What is the hundreds digit of a(-5)?
1
Let p(d) = 4052*d + 46. Let j be p(2). What is the hundreds digit of (-20)/90 - j/45*-2?
3
Let u be 2/14 - 116/28*1. What is the hundreds digit of 5478/(-15)*(30/u)/3?
9
Suppose 5*u + 4*x + 8 = 2*x, -3*u - 3*x = 12. Suppose 4*b - 563 - 729 = u. Suppose l - 420 = -3*l + 4*i, -5*i = 3*l - b. What is the hundreds digit of l?
1
Let q(k) = k**2 - 21*k + 4357. What is the tens digit of q(0)?
5
Suppose 0 = -3*m + 5*s + 4440, -m + 1241 = s - 247. What is the tens digit of m?
8
Suppose 0 = 10*z - 37643 - 9237. What is the tens digit of z?
8
Let o = -812 + 778. Let a(w) = 2*w**3 + 66*w**2 - 71*w - 17. What is the tens digit of a(o)?
8
Let x(u) = 1. Let c(j) be the first derivative of 2*j**3/3 + 9*j**2 + 6*j - 31. Let g(k) = c(k) - 2*x(k). What is the units digit of g(-11)?
8
Let l = 19176 + -11367. What is the units digit of l?
9
Let i = -19 + 25. Suppose a - 4*a = -i. Suppose -g - a*g = -267. What is the units digit of g?
9
Let z be (-42)/(-4)*((-648)/63 + 12). Let n = -3 - -5. Suppose -2*u - 2*u = 2*c - 4, -n*u = 3*c - z. What is the units digit of c?
8
Let u(w) = w**3 + 6*w**2 + 3*w + 5. Let a be u(-5). Let d = a - -7. Let o = 54 + d. What is the units digit of o?
6
Let n(i) = 5*i**2 - 9*i - 5. Suppose 7*z + 216 = 43*z. What is the units digit of n(z)?
1
Suppose 1566296 + 945824 = 47*g + 117611. What is the tens digit of g?
4
Suppose c = 6*c - 2*d - 22, -5*c + 17 = 3*d. Suppose -7*n + 8*n = 4*q + 10, -c*n + 4 = -4*q. What is the tens digit of 1/(1*n) + (-2541)/(-14)?
8
Suppose -4*l = 7*l - 0*l. Let g = -1224 - -645. What is the hundreds digit of l + 2/8 + g/(-4)?
1
Let l(z) = -89 - 115 - 31 + 0 - 33 - 43*z. What is the tens digit of l(-25)?
0
Let x(a) = -a**2 + 43*a - 23. Let p(c) = -c**2 + 45*c - 24. Let u(t) = -6*p(t) + 7*x(t). What is the units digit of u(17)?
1
Suppose 0 = 3*i + 273. Let w = i - -91. Suppose -2*y + 56 + 178 = w. What is the units digit of y?
7
Let g(x) be the second derivative of 40*x**3/3 + 26*x**2 + 179*x. What is the units digit of g(11)?
2
Let h = 51 + -41. What is the tens digit of ((-6)/h - (-823)/5) + 0?
6
Let b be (8/10)/((-8)/80). Let i(c) = -c**3 - 3*c**2 - 4*c + 9. Let w be i(b). Suppose 453 = 11*d - w. What is the tens digit of d?
7
Let s(y) = -y**3 - 3*y**2 + 11*y + 22. Let b be s(7). Let g = b - -675. What is the tens digit of g?
8
What is the thousands digit of (20 - 12) + -10 + 5229?
5
Let v(n) = n**3 + 8*n**2 - 5*n + 16. Let c be v(-10). Let w = 219 + c. What is the units digit of w?
5
Let j(r) = 34*r - 1374. What is the tens digit of j(68)?
3
Suppose 5206 = 14*k - 15822. Let f = k + -547. What is the tens digit of f?
5
Let b = 91 - 46. What is the units digit of 1503/b + (-12)/(-20)?
4
Let c(t) = 48*t**3 - 6*t**2 - 161*t + 34. What is the hundreds digit of c(10)?
8
Let w(o) = o**3 - 8*o**2 + 7*o - 62. Let c be w(8). What is the tens digit of 35/(-105) + (-2792)/c?
6
Suppose -164*n - 15882 + 156922 = 0. What is the units digit of n?
0
Suppose 2152 - 718 = 2*z. Let x = z + -634. What is the units digit of x?
3
Let l = -25 + 25. Let s(j) = -7 - 21*j - j + l*j - j**2. What is the units digit of s(-18)?
5
Let x(u) = 7*u + 61. Let y be x(-6). Suppose -36*h + y*h = -7939. What is the units digit of h?
7
Suppose -a + 11 = 2*p, -2*p - 4*a = -p - 2. Let t(n) = 14*n**2 - 18*n + 5. What is the hundreds digit of t(p)?
4
Let t = -247 - -2187. Suppose -71*l + 76*l - t = 0. What is the tens digit of l?
8
Let r(f) = -210*f**3 - f - 1. Let h(t) = t**3 - 19*t**2 - 18*t - 41. Let b be h(20). What is the hundreds digit of r(b)?
2
Let y(a) be the third derivative of a**4/12 - 3*a**3 - 20*a**2. Let v be y(7). Let t = v - -39. What is the units digit of t?
5
What is the hundreds digit of 16 - 659630/(-60) - (-1)/6?
0
Let h(a) = 88*a**2 + a. Let d be h(2). Suppose 5*c = j - d, -j + 3*j + 3*c - 695 = 0. What is the tens digit of j?
4
Let j(d) = -d**3 + 19*d**2 - 6. Let y be j(19). What is the units digit of (y/5)/(-3) + (-2706)/(-110)?
5
Let z(c) = -3*c + 0*c - 14 + 2 - 5. Let w be z(-7). Suppose 3*r = -3*q + 5*r + 314, -w*q + 428 = -5*r. What is the tens digit of q?
0
Let w(j) be the third derivative of j**6/120 - j**5/60 - 7*j**4/12 - 2*j**3/3 - 44*j**2. What is the units digit of w(6)?
2
Let g = -997 + 609. Let v = g - -766. What is the hundreds digit of v?
3
Let x(z) = 5*z - 78. Let m be x(-17). Let j(i) = 37*i - 7. Let l be j(-6). Let k = m - l. What is the tens digit of k?
6
Let r = 53154 + -25435. What is the hundreds digit of r?
7
Suppose 5*h + 0*h = -4*c + 2873, -4*c + 1719 = 3*h. Suppose -4*x = -399 - h. What is the units digit of x?
4
Let f(d) = -2*d + 5*d**2 + 5*d**2 + d + 5 - 11*d**2. Let h be f(-3). What is the units digit of h/3 + 118/3?
9
Suppose 16*u = 14*u + 3*v + 13, -2*v - 6 = 0. What is the thousands digit of (16 + -2233)/((-3)/u)?
1
What is the tens digit of (87 - 89)*(-40 - -2)?
7
Let w = 106 - 42. Let z be (-9 - -14)*w/(-10). Let p = z + 125. What is the units digit of p?
3
Let a be 767 + 2 + 2 + -3. Let k = -386 + a. What is the tens digit of k?
8
Let o = -37 + 37. Suppose 0 = -2*a - 7*z + 10*z + 802, 5*a - 3*z - 1987 = o. What is the tens digit of a?
9
Let y be (-22)/(-4) - 15/30. Let j = -17 - -24. What is the tens digit of 2/j - y/70*-1018?
7
What is the tens digit of (-16)/(-44) + 45200719/869?
1
Suppose -12*i + 7*i = 3*p - 2242, -4*p - 2*i + 2980 = 0. Let m = -349 + p. What is the hundreds digit of m?
3
Suppose -23 - 7 = -10*x. Suppose 0 = -3*m + x*r + 60, 2*m - 50 = -m + r. Suppose m*u = 4*u + 979. What is the tens digit of u?
8
Let c(p) = 3*p**2 - 27*p + 83. What is the units digit of c(50)?
3
What is the hundreds digit of (61 - 17)/(-616) - 1142878/(-28)?
8
Suppose 24*q - 3178006 = -301*q + 25307919. What is the thousands digit of q?
7
Suppose -5*n = -3*t + 588, 980 = 4*t + t + 3*n. What is the tens digit of 4224/14 + 7*8/t?
0
Suppose 5*u - 6 = -5*t + 59, -3*t + u + 35 = 0. Let h(r) = 44*r + 30. What is the tens digit of h(t)?
5
Let l(a) = 21581*a**2 - 277*a + 549. What is the ten thousands digit of l(2)?
8
Suppose -14*z = -0*z + 20608. Let u = z - -2374. What is the hundreds digit of u?
9
Let i(q) = -179*q - 595. What is the hundreds digit of i(-7)?
6
Suppose -q + 97 = -4*a, -2*q = -6*q + a + 418. Suppose 1792 = q*r - 97*r. What is the hundreds digit of r?
2
Suppose -2*j + 46*j + 22*j = 1472394. What is the ten thousands digit of j?
2
Let v = -33015 + 34423. What is the hundreds digit of v?
4
Let w(i) = 2577*i**2 + 385*i - 22. What is the units digit of w(4)?
0
Let i be 128/56 - (-4)/(-14) - 10. Let a(g) = g**2 - 15*g - 51. What is the units digit of a(i)?
3
What is the hundreds digi